 - 3*i. Calculate the remainder when 99 is divided by x.
3
Suppose -1038*l + 23343 = -23367. Calculate the remainder when (-6)/4*2*-32 is divided by l.
6
Let f(l) = l**2 + 3*l + 8. Let v be f(0). Suppose -349 = -v*q + 1819. Calculate the remainder when q is divided by 39.
37
Let y(h) = h**2 + 71*h - 649. Calculate the remainder when 224 is divided by y(9).
11
Let i(x) = -77*x - 3836. Let h(k) = 12*k**3 + 3*k**2 + 2*k + 4. Calculate the remainder when h(3) is divided by i(-50).
11
Suppose 5*m = 2*x + 20, 5*m + 8*x - 20 = 12*x. Suppose 4*w + m*u = 256, -2*w - 9*u + 134 = -10*u. What is the remainder when w is divided by 49?
17
Let d(u) = u - 7. Let c be d(7). Suppose y + 1 = c, 24 + 37 = 5*w + 4*y. What is the remainder when (-5)/(-20) - ((1575/(-36) - 0) + -6) is divided by w?
11
Let q(w) = -w**2 - 358*w + 178. Calculate the remainder when 4268 is divided by q(0).
174
What is the remainder when 36/6*((17 - 1) + (-9 - -4)) is divided by 12?
6
Suppose 0 = -15*b + 8*b - 168. Let w be b*((-2)/(-6)*5 + -2). Suppose -i = t - 74, 3*t + t = -w. What is the remainder when i is divided by 11?
10
Let f be (3 - 46)*(-7 + 2). Let b = -1670 - -1699. Suppose -b*p = -24*p - f. Calculate the remainder when 299 is divided by p.
41
Let x(w) = -w**3 + 19*w**2 - 21*w + 54. Let u be x(18). Let k(o) = 3*o**2 - 4*o - 3. What is the remainder when (3/(-1))/(1 - u) - -87 is divided by k(-2)?
16
Suppose 216 = 21*s + 33*s. Suppose 0 = -s*n + 2*n + 4*x + 94, 5*n - 4*x = 265. Calculate the remainder when n is divided by 20.
17
Let w = -173 + 180. Let a be (2 - (-2)/(-4))/(2/28). What is the remainder when (a + -10)*3/1 is divided by w?
5
Suppose 3*z = -3*h + 339, 5*z = -3*h + z + 344. Suppose -3*u - h = -7*u - 2*d, 4*u - d - 120 = 0. Calculate the remainder when 143 is divided by u.
27
Suppose -3*m + 4563 = -3*c, -4*m + 2*c + 3188 + 2904 = 0. Calculate the remainder when m is divided by 18.
13
Suppose -7*u = -10*u + 117. Let f = -1506 - -966. Calculate the remainder when u is divided by 6/(-33) + f/(-66).
7
Suppose -2*g = 8, -5*j - 4*g - 36 = -9*j. Suppose -j*c + 0*c = 3*w - 20, 2*c = -w + 7. Suppose 71 = w*d - 14. Calculate the remainder when 49 is divided by d.
15
Suppose -4*u + 3*n - 20 = -5*u, -3*u + 3*n = 0. Calculate the remainder when ((-5)/(-15))/((-1)/(-207)) is divided by u.
4
Calculate the remainder when 295 is divided by 28 + 7 + (-12)/9*21/(-14).
36
Suppose 5*t = 3*x - 660, -4*x - 4*t - 353 + 1233 = 0. Suppose -215*z - 170 = -x*z. What is the remainder when 611 is divided by z?
33
Let s(w) = 54*w - 1081. What is the remainder when 76 is divided by s(21)?
23
Let u(p) = 90*p - 38. What is the remainder when u(6) is divided by 42?
40
Let d = 18 + -17. Suppose -8 - d = -3*h. Suppose 8*k - 70 = h*k. What is the remainder when 52 is divided by k?
10
Let f(i) = 15*i**2 - 11*i - 112. Calculate the remainder when f(-7) is divided by 27.
25
Suppose -11515 - 5193 = -23*r - 10. What is the remainder when 2262 is divided by r?
84
Let n(i) = 112*i + 42. Let a be n(6). Suppose 594*z - a = 592*z. Calculate the remainder when z is divided by 15.
12
Suppose -3*q + 33 = -3. What is the remainder when ((-155)/(-4))/(((-90)/144)/((-4)/8)) is divided by q?
7
Let q(g) = 515*g**2 - 54*g + 56. What is the remainder when q(1) is divided by 99?
22
Let m be 1*-1 + 8 + 5 + -10. What is the remainder when 38 is divided by (1 + (0 - m))*-6?
2
Let y(u) = 5*u**2 - 189*u + 559. Suppose 2*w - 146 = 2*r, 3*w - 218 = 4*r - 2*r. What is the remainder when w is divided by y(3)?
35
Let h(z) = -6*z + 2. Let w be h(-12). Suppose -2*f - 288 + w = 0. Calculate the remainder when 12/(-30) - f/5 is divided by 5.
1
Suppose 8*v + 3*v - 616 = 0. Calculate the remainder when 247 is divided by 1 + 2 + v + 3.
61
Suppose -57*n - 996 = -2421. What is the remainder when 2358 is divided by n?
8
Suppose a = 4*n + 81, 0 = 7*a - 2*a + n - 405. What is the remainder when a is divided by 341/(-121) + 3 + (-3060)/(-110)?
25
Let r = 10262 - 10089. Calculate the remainder when 2247 is divided by r.
171
Suppose 462 + 2343 = 55*f. What is the remainder when 2140 is divided by f?
49
Suppose -16*o + 14*o = -4*y - 104, -y + 238 = 5*o. Suppose -178 = -4*h + 198. Calculate the remainder when h is divided by o.
46
Suppose -2*h = 10, -228*b - 567 = -231*b + 3*h. Calculate the remainder when 620 is divided by b.
68
Let m(k) = 2*k**2 + 13*k + 37. Let i(g) = -4*g**3 + 4*g**2 + 4*g - 5. Calculate the remainder when i(-3) is divided by m(-3).
15
Let g = 297 - 297. Suppose -4*s - 1 + 17 = g. Calculate the remainder when 10 is divided by s.
2
Let h(x) = 17*x**2 - 73*x + 763. What is the remainder when h(9) is divided by 93?
88
Suppose 4*x - 5*s = 82, 2*x - 22 - 34 = -5*s. Let k be -3 + 25/10 + x/2. What is the remainder when 29 is divided by 1/((-2)/k)*-2?
7
Let j(w) = w**2 + 219*w - 8096. What is the remainder when j(34) is divided by 129?
119
Let v(u) = u**2 - 10*u - 6. Let l be v(10). Suppose -78 = -9*w + 75. What is the remainder when (48/(-28))/(l/105) is divided by w?
13
Let y(l) = l**3 + 13*l**2 + 11*l - 5. Suppose -2*p = -19 - 29. Suppose -184 = 20*g - p*g. What is the remainder when g is divided by y(-12)?
4
Suppose -364*i - 259 = 345*i - 746*i. Calculate the remainder when 1895 is divided by i.
5
Suppose 4*z = -l - 55 + 44, -69 = -3*l + 5*z. Calculate the remainder when 120 is divided by l.
3
Let o = -6280 - -7800. What is the remainder when o is divided by 61?
56
Suppose -48306 = -179*z - 112*z. What is the remainder when 516 is divided by z?
18
Let y(b) = 3*b**2 - 60*b + 221. What is the remainder when 226 is divided by y(16)?
23
Let u(t) = -3*t + 72. Let a be u(23). Suppose 5 = 5*i, -a*b = -2*i - 2*i - 473. Suppose 5*y = 494 - b. Calculate the remainder when y is divided by 10.
7
Let o(l) = -9*l - 86. Let x(a) = -a**2 + 1. Let n be x(4). What is the remainder when o(-12) is divided by (18/n)/((-6)/40)?
6
Let k = -415 + 539. Calculate the remainder when 745 is divided by k.
1
Suppose 3*z - 6*f + f = 8, 0 = -2*f + 10. Let a(h) = -6*h + 73. Calculate the remainder when 216 is divided by a(z).
6
Let y(i) = -2*i**3 + 29*i**2 + 141*i - 149. Calculate the remainder when 9437 is divided by y(-5).
120
Let y(z) = -z**3 - 3*z**2 - z + 19. Let q be y(7). Let k = -451 - q. What is the remainder when 38 is divided by k?
11
Let c(d) = -2*d**2 - 6*d + 14. Let m be c(-9). Let p = 107 + m. Suppose -448 = -p*r + 124. What is the remainder when 217 is divided by r?
41
Suppose 56 = 29*s - 321. Suppose -2*g - 15*o = -s*o - 234, 2*o + 498 = 4*g. What is the remainder when g is divided by 44?
34
Let n(h) = -11*h - 47. Suppose -7*z + 2*a + 45 = -2*z, 2*z = 2*a + 12. Suppose 3*t = z*t + 48. What is the remainder when 56 is divided by n(t)?
18
Let y = -7096 + 7224. What is the remainder when 2047 is divided by y?
127
Let t(l) = l**2 - 8*l + 3. Let j be t(6). Let k be 51/j + (-7)/21. Let a(d) = 3*d**2 + 10*d + 10. Calculate the remainder when a(k) is divided by 20.
18
Calculate the remainder when 7 + 1 - (0/(-9) - 4 - 229) is divided by 42.
31
Suppose 203*p = 189*p + 208 + 2172. What is the remainder when 349 is divided by p?
9
Let w be (36/(-108))/(1/(-66)). Suppose 3*b - 3 = d, d + w*b - 19*b = 27. What is the remainder when 95 is divided by d?
11
Let a(w) = 4*w**2 + 138*w + 354. Calculate the remainder when 5267 is divided by a(-32).
31
Suppose -2*y = 4*r - 208, -497 = 5*r - 4*y - 796. Suppose -12 = -q - 3*p + 4, 4*p = -20. Let x = q + -16. Calculate the remainder when r is divided by x.
10
Let z(c) = c**2 - 39*c - 320. What is the remainder when 5597 is divided by z(48)?
109
Suppose -3881*s = -3886*s + 625. What is the remainder when s is divided by 13?
8
Suppose 0 = 5*i - j - 0*j - 350, 222 = 3*i - 3*j. Suppose 58*a + 286 = i*a. Calculate the remainder when 311 is divided by a.
25
Let u = 62 + -60. Suppose 4*m - u*j = 34, -5*j = 5*m - 95 + 30. Calculate the remainder when 17 is divided by m.
7
Suppose 4*d - 39 = 3*h, -d + 15 = 4*h - 9. Calculate the remainder when 21 is divided by d.
9
Let l = 13057 - 12349. Calculate the remainder when l is divided by 23.
18
Suppose -262*r = 4*m - 264*r - 15486, 0 = -3*m + 4*r + 11597. Calculate the remainder when m is divided by 76.
75
Suppose -2*m = 3*m - 3*c - 45, -4*m - c = -36. Let s(t) = 7*t - 23. Calcul